w - 17. Calculate o(3).
5
Let j(d) = d**2 - 8*d - 4. Suppose 5 - 21 = -2*x. Calculate j(x).
-4
Let m(b) = -2*b**3 + 2*b**2 - 1. Suppose 2*p = -0*p + 6, -3*p = 2*t - 13. Calculate m(t).
-9
Let g(m) = -m**2 + m + 1. Let n be (-2)/6 + (-3)/(-9). What is g(n)?
1
Let i(g) = -g**3 - 5*g**2 + 6*g + 1. Suppose -j + 6 = -4*j. Let k be (-7 - -14) + j/(-1). Suppose 9 + k = -3*r. Calculate i(r).
1
Suppose -k + 1 = -3. Let p(t) be the third derivative of t**7/1680 - t**6/120 + t**5/30 - 3*t**2. Let i(z) be the third derivative of p(z). What is i(k)?
6
Let v(u) = u**2 + u - 7. Let w = -7 + 1. Let h = -6 - w. Give v(h).
-7
Let c(n) be the first derivative of -2*n**2 - 5*n**2 + 3*n**2 + n + 3. What is c(-1)?
9
Suppose 5*o - 13 = 5*w - 3*w, -4*w = -3*o + 5. Let h(a) = -a + 84*a**2 - a - 83*a**2 + 2. Give h(o).
5
Let r(q) be the first derivative of q**4/4 - 2*q**3 + 3*q**2 - 3*q + 3. Determine r(5).
2
Let h(t) = -2 + t**2 + 4*t**2 - 3*t**2 + t**3. Give h(-3).
-11
Let d(n) = n - 7. Let m = 9 + -6. Suppose -2*s + m*s - 3 = 0. Suppose s*i - 13 = 2. What is d(i)?
-2
Let f = -2/185 + 189/370. Let k(s) be the first derivative of 6*s - f*s**2 - 3. What is k(3)?
3
Let k be (-5)/(1 + (3 - 3)). Let c be -2 - 5/(k/2). Let l(f) = f**3 + f**2 - f - 2. Give l(c).
-2
Let l(y) = 14*y + 1. Let m(k) = -43*k - 3. Let c(f) = -7*l(f) - 2*m(f). Determine c(-1).
11
Let m(w) = 5*w**3 - 24*w**2 - 20*w + 4. Let d(v) = -v**3 + 6*v**2 + 5*v - 1. Let q(s) = 9*d(s) + 2*m(s). Let o = 2 + -7. Give q(o).
-1
Let v(u) = -u**3 - 3*u**2 + 2*u - 5. Let b be v(-4). Let g(j) be the second derivative of -2*j**2 + 0 - 1/6*j**3 + 3*j. Give g(b).
-7
Let g = 81 - 87. Let f(j) = -j**2 - 5*j - 6. Determine f(g).
-12
Let v(d) = d + 2. Let t(w) = -3*w - 7. Let c(r) = -4*t(r) - 11*v(r). Let b be c(-8). Let o be (-2)/(-4) - 1/b. Let k(l) = 3*l. What is k(o)?
3
Let n(a) be the third derivative of 2*a**5/15 - a**4/12 + a**3/6 - 5*a**2. Let s be 0 - 1 - (-4 + 0). Suppose -4 = -p - s. Give n(p).
7
Let u(g) = 3*g - 19. Let i(w) = -2*w + 13. Let v(d) = 7*i(d) + 5*u(d). Let t = 5 + -5. Let h(f) = -f**2 + f + 3. Let r be h(t). Calculate v(r).
-1
Let l = 0 + -1. Let x(b) = -9*b**2 - 2*b - 1. What is x(l)?
-8
Let d be (-4)/(-3) + (-4)/(-6). Let j(t) = -3*t - d*t + 1 + t. Let q be j(1). Let g(u) = u**3 + u**2 - 5*u - 3. Give g(q).
-6
Let f(v) = -4*v + 5*v + 1 + 5*v - v**2. What is f(5)?
6
Let h(c) = -c**3 + c + 1. Let n be h(-1). Suppose 0*q = -q + n. Let k(z) = 5*z. Calculate k(q).
5
Suppose -3 = -3*n - 6. Let x(s) = -8*s - 1. What is x(n)?
7
Let q(t) be the second derivative of t**6/360 - t**5/30 - t**4/4 - t**3/6 + 2*t. Let k(l) be the second derivative of q(l). Determine k(5).
-1
Let r(g) = -2*g**2 + 3*g - 1. Let j be (-8*(-1)/(-6))/(4/(-6)). What is r(j)?
-3
Let b(q) be the first derivative of 2*q + q**2 + 0*q - 3 + 3*q - 6*q. Determine b(6).
11
Suppose 2*h = 3*h. Suppose h - 1 = o. Let z(v) = 7*v**3 + v**2. Give z(o).
-6
Let j(a) = -a**2 + 2. Let s be j(0). Let c be (-48)/21 - s/(-7). Let b(m) = -m**2. Let l(u) = u**3 + u**2 - u + 1. Let o(f) = b(f) - l(f). Calculate o(c).
-3
Let v(o) = -5*o - 1. Let r be v(-1). Let c(m) = m + 5 - r + 0*m. What is c(-2)?
-1
Let x be 2 + 1/1*-3. Let p be x - (-6)/(-3) - -1. Let u(o) = -4*o - 7. Let k(q) = -2*q - 4. Let v(h) = 11*k(h) - 6*u(h). Determine v(p).
-6
Let y = 22 - 16. Let u(b) = b**2 - 5*b - 9. Let h be u(y). Let t(g) = g**2 + 4*g + 4. Determine t(h).
1
Let j(d) be the third derivative of 2*d**2 - 5/24*d**4 - 1/60*d**5 + 0 + 1/6*d**3 + 0*d. Determine j(-4).
5
Let y(r) be the second derivative of r**5/20 + r**4/2 + r**3 - r**2/2 - 2*r. What is y(-5)?
-6
Suppose 4 + 0 = -h. Let v = h - -2. Let a(x) be the first derivative of -x**4/4 - 2*x**3/3 - x**2/2 - x + 1. What is a(v)?
1
Let o = 0 + -3. Let l be 12/10*(-10)/(-4). Let i be (o/(-2))/(l/10). Let v(m) = -m**3 + 6*m**2 - 4*m - 1. Give v(i).
4
Suppose 3*l + 4*c + 3 = 0, 2*c + 10 = 4*l - 8. Suppose 5*n + 14 = b, 0*b + 3*n = -2*b + 2. Let g(h) = -b*h + 4*h**2 - 5*h**2 + 6*h. Give g(l).
-3
Let l(i) = i**2 + 2*i - 3. Suppose 0 = 2*o - 8*o - 24. What is l(o)?
5
Let g(n) be the second derivative of n**5/20 + n**4/2 + n**3/3 - 7*n**2/2 - n. What is g(-5)?
8
Let a(g) be the third derivative of -g**4/8 - 2*g**3/3 - 30*g**2. Give a(-5).
11
Let u(x) be the second derivative of x**8/6720 + x**7/840 + x**6/720 + x**5/120 + 5*x**4/12 - x. Let l(h) be the third derivative of u(h). Determine l(-3).
-2
Let i(a) = -5*a**2 + 12*a - 5. Let t(z) = -11*z**2 + 5*z + 4*z + 16*z - 11. Let n(o) = 13*i(o) - 6*t(o). Let x be n(-6). Let k(r) = -7*r**2 + r. Determine k(x).
-6
Let w(l) be the first derivative of -l**5/120 + 7*l**4/24 + 2*l**3 - 9. Let r(z) be the third derivative of w(z). Determine r(0).
7
Suppose 3*a + 4 = 13. Let u be (-10)/(-4)*(-8)/(-10). Let x = u - a. Let d(z) = -7*z**3 + z**2. What is d(x)?
8
Let g be -2 + (-8)/(-2) - 5. Let q(p) be the first derivative of 2 - p + 1/2*p**2. What is q(g)?
-4
Let u(h) = -h**3 + 5*h**2 + 2*h - 3. Suppose -5*i = 2*o - 35, 2*i = 3*i + 2*o - 15. Determine u(i).
7
Suppose 0 = -0*q + 7*q. Let a(j) be the first derivative of -2 + 0*j**2 + q*j**3 + 1/4*j**4 + j. Give a(-1).
0
Let u(m) = m + 12. Let i be u(-6). Let x be (-1)/2 + 30/12. Let p(t) = -4 - 4*t**2 + 3*t**x + 0 + 5*t + 1. Calculate p(i).
-9
Let h(b) be the first derivative of b**2/2 + 4*b - 2. Suppose v + 18 = -2*v. Give h(v).
-2
Let n(y) = -y**3 + 4*y**2 - 3*y. Let k(c) = -c**2 - 9*c - 6. Suppose -2*s + 26 = -3*j, s + 0*s = 1. Let t be k(j). Give n(t).
2
Let s be 3 + -8 + 0/(-2). Let r(i) = i**2 + i - 4. Let k be r(-3). Let c(n) = -n + 1. Let v(x) = -x**2 - 7*x - 2. Let d(a) = k*c(a) - v(a). Give d(s).
4
Let q(o) = -2*o**3 + 3*o - 3. Let g(k) = -4*k**3 - k**2 + 5*k - 5. Let l(m) = 3*g(m) - 5*q(m). Give l(-2).
4
Let i(r) be the third derivative of -r**5/12 + r**4/24 + r**3/6 + 2*r**2. Suppose 5*y = f - 2*f + 12, 16 = 4*f + 4*y. Let o = f - 3. Determine i(o).
-5
Suppose 2*x + 4 + 0 = 0. Let r(h) = 2*h**2 + h - 1. What is r(x)?
5
Suppose 5*n = -4*x + 14 + 3, 31 = 5*n - 3*x. Let l(h) = -1 - 1 - 1 + n*h. Give l(2).
7
Let m(c) = 6*c**3 - 3*c + 4. Let p(j) = j - 1. Let d(u) = -m(u) - 3*p(u). Let f be d(1). Let x(z) = z**3 + 7*z**2 - z - 9. Determine x(f).
-2
Let p(g) = -2*g**3 + 1. Let y(x) be the third derivative of x**4/24 + 5*x**3/6 - 3*x**2. Let f be y(-6). Give p(f).
3
Let b(u) be the third derivative of -u**4/12 + u**3 - 2*u**2. Suppose 3*k = 12 + 3. Let y = k + -1. What is b(y)?
-2
Let j(d) = d**3 + 5*d**2 + d + 6. Let i be j(-5). Let h(y) = i + 0 - y + 2*y. Suppose -f - 3*k + 7 = -3, -4*f + 2*k = 2. Calculate h(f).
2
Let s(x) be the first derivative of x**3/3 - 3*x**2/2 - 4*x - 7. Give s(4).
0
Let l(n) = 9*n + 2. Suppose 2*a + 1 = -3*y, 0 = 2*y - 2. Determine l(a).
-16
Let t(k) be the first derivative of 0*k**2 + 1/3*k**3 + 3*k + 3. Give t(0).
3
Suppose -3*x + 16 = -3*h - 5, -h = -2*x + 12. Suppose -x*z = -4*z - 3. Suppose -z*a = a. Let b(k) = k + 5. What is b(a)?
5
Suppose 0*n - 8 = 4*f - 4*n, -n = -4*f - 2. Let s(l) = -l + 6. Let c be s(f). Let j(x) = x**2 - 7*x + 8. Determine j(c).
2
Let d(u) = -2*u**2 - 11*u + 2. Let a(w) be the first derivative of -2*w**3/3 - 5*w**2 + 2*w + 2. Let j(y) = -6*a(y) + 5*d(y). Let m = 2 - 6. Give j(m).
10
Let f(b) = -b**3 - 5*b**2 + 6*b + 7. Suppose -6*v = v - 56. Suppose -5*p = -2*d - 4*p - 8, -2*d = -5*p - v. Calculate f(d).
7
Suppose 63 = -23*g - 6. Let i be (-2)/(-3)*(3 + 0). Let s(f) = f**3 - 5*f + 2 - i*f**3 + 2*f - 4*f**2. Determine s(g).
2
Let p be (-1)/(6/(-4) - -1). Let q(r) = -7 - p*r - r**2 + 3 + 0*r**2. Let m = -35 - -32. Determine q(m).
-7
Suppose 12 = 6*n - 2*n. Let o(x) = 6*x - 4*x**2 - 4 + 0*x**3 - x**n + 9. What is o(-5)?
0
Let j(m) = 2*m**2 - 4*m + 3. Let c(l) = l**3 + 2*l**2 - 5*l - 4. Let p be c(-3). What is j(p)?
3
Suppose 4 = -2*a + 2*l, -a - 4*l - l + 10 = 0. Let r(m) = -3 - 2*m**3 + a + 2*m - 4*m**2 + 3*m**3 - m**2. Let b(o) = -4*o - 3. Let d be b(-2). What is r(d)?
7
Let g(z) be the second derivative of -z**4/12 - 7*z**3/6 - z**2/2 - z. Suppose -545*w + 553*w = -24. Give g(w).
11
Let f = -16 + 10. Let l(r) be the third derivative of r**4/24 + 3*r**3/2 + 4*r**2. Determine l(f).
3
Let q(i) be the third derivative of i**6/120 - i**5/12 + 7*i**4/24 - i**3 - 6*i**2. Calculate q(4).
6
Let 